0
Let h(y) be the first derivative of -y**6/360 + y**5/24 + y**4/24 - 13*y**3 - 13. Let p(m) be the third derivative of h(m). Determine p(4).
5
Let f(u) = -u**3 + 3*u**2 - u + 2. Let b(k) be the second derivative of -k**5/20 - 5*k**4/6 + 4*k**3 + 2*k**2 + k - 26. Let n be b(-12). Give f(n).
-18
Let l(y) = -2*y**2 + y + 5. Let p(g) = -3*g**2 + 37*g - 8. Let q be p(12). What is l(q)?
-23
Let h(k) = -3*k**3 + k**2 - 11*k - 12. Let g(w) = -14*w**3 + 0*w**2 - 18 + 2*w**2 - 16*w + 10*w**3. Let t(a) = 5*g(a) - 7*h(a). Calculate t(-4).
-10
Let s(y) be the third derivative of y**6/120 - y**5/30 - y**4/8 + 5*y**3/6 + 242*y**2. Calculate s(3).
5
Let u(o) be the first derivative of 1/4*o**4 + 0*o + 0*o**2 + 1/3*o**3 + 1/360*o**6 + 2 + 1/15*o**5. Let v(s) be the third derivative of u(s). Calculate v(-6).
-6
Let m(t) be the third derivative of t**5/60 + 5*t**4/12 - t**3/2 - 3*t**2 + 3*t. Calculate m(-10).
-3
Let y(x) = -154 + 203 + x - 58. Suppose 12 = -r - r - 4*j, -2*j - 6 = -3*r. Suppose r = -3*p + 6*p. What is y(p)?
-9
Let j(x) = x**2 + 9*x + 3. Let z be j(-9). Suppose -t + z = -a, t - 2*t + 3 = 3*a. Let y(m) = -m - 6. Determine y(a).
-6
Let v(a) = -2*a + 2. Let j be v(-8). Let c(r) = r + j - 18. Suppose 5*n - b + 23 = 0, -15 = -b - 4*b. What is c(n)?
-4
Let b(l) = 3*l + 13. Let c = -1402 + 1398. Give b(c).
1
Let j(x) = 42*x + 38. Let k(d) = -16*d - 13. Let p(z) = -3*j(z) - 8*k(z). Determine p(5).
0
Let r(n) = -5*n + 3*n + 4*n**2 + n. Let j(t) = 5*t**2 - t. Let v(q) = 3*j(q) - 4*r(q). Let m = -15 + 13. Calculate v(m).
-6
Let h(u) = u + 8. Let q(x) = -2*x**2 - x + 4. Let t be q(0). Suppose 26 + 3 = -5*r + 2*k, -t*r + 4*k - 28 = 0. Calculate h(r).
3
Let b(a) = -20 - 17 - 26 + 90 - a**2 - 8*a - 21. Give b(-8).
6
Let i = 31 - 16. Let w be (-20)/(-6) - (-10)/i. Let r(s) = 2*s**3 + 5*s**2 + 2 - 5*s - w + 4 - s**3. What is r(-6)?
-4
Let u be ((-4)/60)/(24/(-60)). Let p(l) be the third derivative of -u*l**3 + 0*l + 12*l**2 + 0 - 1/12*l**4. What is p(-2)?
3
Let i be ((13 - 4)*-1)/(3/2). Let s(g) = -6*g - 30. What is s(i)?
6
Let o(d) = d**2 - 3*d - 9. Let i be 2*2 + (14 - -20)/17. What is o(i)?
9
Let z be 7/(-56)*(0 - 8). Let s(r) = 11*r**3 + r**2 + 1. Let l(j) = -j**3 + j + 1. Let o(h) = z*s(h) - l(h). Calculate o(1).
12
Let s(i) = 5*i**2 - 6*i - 11. Let c(x) = -14*x**2 + 18*x + 32. Let w(f) = -6*c(f) - 17*s(f). Let t = -216 + 211. Determine w(t).
0
Let n = -89/372 + 10/31. Let m(g) be the second derivative of 2/3*g**3 + n*g**4 + 0 + 0*g**2 + 4*g. Give m(-2).
-4
Let c(h) = -18*h**2 - 16*h**2 + 38*h**2 - 2 - h - h**3. Calculate c(3).
4
Suppose -11 + 15 = r. Suppose y - 32 = -2*i - y, -r*i = 3*y - 59. Let p = 14 - i. Let f(s) = -s**2 + 3*s - 3. Give f(p).
-3
Let i(j) = -2*j - 2. Let r be i(-3). Let v(z) be the first derivative of -z**3/3 + 3*z**2/2 + 1464. Calculate v(r).
-4
Suppose 0*q = -5*q - 55. Let a = q - -9. Let c(s) = -2*s - 3. Let o(h) = h**2 - 1. Let d(l) = -c(l) + o(l). Calculate d(a).
2
Suppose 28 = 65*j - 58*j. Let k(o) be the third derivative of -1/12*o**j + 0*o + 3*o**2 + 0 - 1/3*o**3. Calculate k(2).
-6
Let w(z) = -z - z + 0*z. Let d = -12 - -11. Let b(f) = -f. Let k(o) = d*w(o) + 3*b(o). Calculate k(-1).
1
Let j(b) = -b + 1. Let p be j(-3). Suppose -4*u - p*t - 8 = 0, u + 2*u + 4*t = -9. Let d(o) be the first derivative of 7*o**3/3 + o**2/2 - 116. What is d(u)?
8
Let t(r) = r**2 + r - 4*r - 2 + 3*r - 7*r. Suppose 0 = -14*m + 4*m + 60. Determine t(m).
-8
Let j(y) = -4*y**2 + 2*y + 5. Let i(g) = 4*g**2 - 2*g - 6. Let u(v) = -6*i(v) - 7*j(v). Suppose 41*o = 36*o + 5*z + 15, -3*z - 19 = 2*o. Calculate u(o).
21
Let n(v) = -2*v**2 + 3*v + 4. Let m(w) = 5*w**3 - 3*w**3 - 14*w**2 + 6 - w**3 - 3 + 13*w. Let t be m(13). Give n(t).
-5
Let h(n) = 2*n**2 + 5*n - 3. Let a = -58 + 28. Let j = a + 25. What is h(j)?
22
Suppose 2*d + 2*d = -4*g + 20, 3*d = -5*g + 27. Suppose 6*w - g = 3*w. Let y(o) = -2*o**2 + 6*o + 0*o**w - 6 + 3*o**2. Give y(-6).
-6
Let f be 6 - (24/16)/(1/2). Suppose -n - x - f = 3, -2*n - 4*x - 12 = 0. Let s(j) be the second derivative of j**3/6 - j**2/2 - j. Give s(n).
-7
Let b(p) = -7*p**3 - p**2 + 5*p. Let m(x) = 4*x - 7. Let r be m(3). Let f(z) = 8*z**3 + z**2 - 4*z. Let v(y) = r*f(y) + 4*b(y). Give v(1).
13
Suppose 9 = -7*y - 19. Suppose 3*i + 12 = 0, 4*o - 4*i - 6 = 10. Let c(d) = o*d - 1 + d**2 + d + 3*d**2 + 0*d + d**3. What is c(y)?
-5
Let d(y) = -2147 + 0*y - 2*y**3 + 1068 + y**3 - 13*y**2 - y + 1073. What is d(-13)?
7
Suppose 0 - 15 = 3*o. Let b(h) = -2*h - 7. Let k(p) = -p - 3. Let c(v) = o*k(v) + 2*b(v). Give c(5).
6
Let u(x) = -7*x**2 + 13*x - 9. Let k(z) = -38*z**2 + 67*z - 47. Let t(a) = 2*k(a) - 11*u(a). Give t(7).
-9
Let h(n) = -n**3 + 24*n**2 - 27*n + 89. Let j be h(23). Let b(q) be the third derivative of -q**6/120 - q**5/20 - q**3/6 + 3*q**2. Determine b(j).
-1
Let h(i) be the second derivative of i**3/3 + 3*i**2 + 122*i. Calculate h(-5).
-4
Let v(b) be the second derivative of b**4/4 - 2*b**3/3 - 3*b**2/2 - 39*b. Let u be v(-1). Let z(r) = -r**3 + 4*r**2 - 4*r + 1. What is z(u)?
-15
Let s(p) = -14*p**2 - p - 1. Let m be ((-2)/(-6))/((-16)/48). Calculate s(m).
-14
Let h be 2/(-6)*(-42 + 54). Let d(c) be the first derivative of -c**2 - 2*c + 1. Calculate d(h).
6
Let j(d) = d. Let u be j(6). Suppose -7*l = -u*l - 1. Let r(m) = -2*m - 1 + 3*m - 9*m + 0*m. Give r(l).
-9
Let z(a) be the third derivative of -a**6/120 - a**5/5 + 11*a**4/24 - 14*a**3/3 - a**2 + 34. Give z(-13).
-2
Let r(q) = 25 - 25 + 21*q. Calculate r(-1).
-21
Let n = -1528 + 1528. Let h(i) = i**2 + 7 - 2*i**3 + i**3 + 0*i**3. Give h(n).
7
Let x(h) = -h**3 + 4*h**2 - h - 3. Let n(c) = c**2 - c - 4. Let m be n(5). Suppose 24 = 8*f - m. Suppose 0 = t + t, f*y + t = 15. What is x(y)?
3
Suppose -2*h + 2 = -4*m + 16, 2*m = -2*h - 8. Let s(l) = 7*l - 2. Calculate s(m).
5
Suppose 2*x = -2*x + x. Suppose d = -3*v + 11, -v - v = 4*d - 14. Let w(z) = 2 + 2*z**3 + 0*z**3 - 3*z**3 - z**d. Give w(x).
2
Let l be 37/5 - 4/10. Let w(p) be the first derivative of 7 + 3*p - 9/2*p**2 - 2*p**3 + 1/4*p**4. What is w(l)?
-11
Suppose 0 = r + 3*r. Suppose 4*z = y + 5, -3*z + 4*y = -r*y - 20. Let q(u) = z*u**2 + u**2 + 7 + 23*u - 31*u. Give q(5).
-8
Let f(x) be the second derivative of 1/6*x**4 + 1/2*x**2 + 0 + 2/3*x**3 + 16*x. Calculate f(-3).
7
Let a(v) = v - 16. Let z(l) = 5. Let x(f) = -3*a(f) - 8*z(f). Let c(s) = -254 - 4*s + 128 + 131 + 2*s. Let i(r) = -8*c(r) + 5*x(r). Calculate i(-6).
-6
Let s(z) be the second derivative of -5*z**3/6 + z**2 - z. Let u be (2/(-54) + (-1325)/2862)/(2/(-12)). What is s(u)?
-13
Let n(s) = -s - 1. Suppose -25*k = -28*k + 15. Determine n(k).
-6
Let d = -50 + 51. Let c(k) be the third derivative of -k**5/60 + k**4/24 - k**3/6 - 18*k**2. Give c(d).
-1
Let x(k) = -13*k**3 - 20*k**2 - 6*k + 22. Let f(m) = 3*m**3 + 5*m**2 + 2*m - 5. Let r(h) = 9*f(h) + 2*x(h). Determine r(-5).
-31
Let n(l) = 12 + 31 + l - 44. What is n(6)?
5
Suppose 2*w - 2*g - 1 - 3 = 0, w + 4*g = 2. Let q(t) = 3*t - 6. Let i be q(w). Let f(s) = 2*s - s - 7 + i - 7. Calculate f(6).
-8
Let i(d) = -d**3 + 13*d**2 - 23*d + 11. Let b be i(11). Suppose b = y - 3*x + 14, -26 = 3*y - 6*x + x. Let k(m) = 0*m**2 - m**2 + 13 - m - 11. Give k(y).
0
Suppose 4*w + 5*f - 29 = 0, 4*f + 10 = 4*w - 10. Let i(s) = 71 - s**3 + 5*s**2 + 7*s - 42 - 33. What is i(w)?
2
Let n(b) = b**3 + 3*b**2 - b - 1. Let u = 77 - 80. Calculate n(u).
2
Let i(l) = -5*l**3 - 3*l**2 + 11*l + 8. Let r(y) = -22*y**3 - 10*y**2 + 44*y + 30. Let n(v) = -9*i(v) + 2*r(v). Give n(-8).
12
Let k(v) = v**3 - 8*v**2 + 8*v - 2. Let q = -91 + 111. Suppose -2*j + 3*j - 1 = 2*m, -5*m - q = -5*j. What is k(j)?
5
Suppose 5*k = 2*q - 6, q + 4*k - 10 - 6 = 0. Suppose -2*d + q = 2*d. Let a(x) = 0*x**3 + d + 3*x + x**3 - x + 2*x**2. Give a(-2).
-2
Let b(f) = f**2 - 5. Let z(h) = 2*h**2 + 14*h - 56. Let q be z(-10). Determine b(q).
11
Suppose -89*n = -66*n - 115. Let c(u) = u**3 - 6*u**2 + 4*u - 3. What is c(n)?
-8
Let k = 4848 - 4848. Let n(m) = m + 0 + 0 + 6. Calculate n(k).
6
Let x(q) = q**2 - 8*q + 9. Let y(s) = -9*s - 35. Let m be y(-3). Let r = 1 - 3. Let h = r - m. Give x(h).
-3
Suppose -2*l = 10*l - 24. Let g(q) = 3*q**2 - 3*q + 1. Determine g(l).
7
Let k be (4 - 10)*2*3/(-9). Let f(c) = -4 - 2*c + k*c - 3. Determine f(5).
3
Let a(p) = -p**